/(-6)*(-9)/12. Let a(p) = -3 - 7*p**z + 7 - p - 3 - 12*p**2. Calculate a(1).
-19
Let c be (2/(-3))/((-4)/(-30)). Let q(w) be the first derivative of -w**3/3 - 3*w**2 - 9. Determine q(c).
5
Let r(h) be the first derivative of 3*h**2 - 5. Give r(1).
6
Let k = 14 - 8. Let q(j) be the third derivative of -j**6/120 + 7*j**5/60 - j**4/4 - j**3/2 + 7*j**2. Calculate q(k).
-3
Let b(c) = -16*c**3 - 21*c**2 + 37*c + 3. Let f(q) = 7*q**3 + 11*q**2 - 18*q - 2. Let w(p) = 3*b(p) + 7*f(p). What is w(-15)?
-5
Let b(h) = -2*h - 14. Let v be 4 + -14 + 5 - 1. What is b(v)?
-2
Let q = -19 - -17. Let t be ((-6)/(-4) + 1)*q. Let o(z) be the first derivative of z**4/4 + 4*z**3/3 - 2*z**2 - 2*z + 4. Calculate o(t).
-7
Let y(t) be the second derivative of -t**4/12 + 4*t**3/3 - 2*t**2 - 1947*t. Suppose 0 = -5*b, 5*n + b - 10 - 10 = 0. Calculate y(n).
12
Let f(c) = -7*c + 3. Let n(k) = -13*k + 5. Let z(j) = 7*f(j) - 4*n(j). Suppose 4*p = 2*h + 12, -h - 2*p = 2*p - 24. Let y be -6*(0 + 2/h). Determine z(y).
-8
Let u(i) = 783*i - 1557*i + 13 + 775*i. Let s(n) = n**3 + 2*n**2 - 2*n - 2. Let f be s(-2). Suppose f*o = -5*w - 2, 2*o - 2*w + 18 = 2. Calculate u(o).
7
Let c(a) = -4*a + 26. Let l(k) = 2*k - 13. Let m(t) = 6*c(t) + 13*l(t). Let w be m(3). Let i(j) = -j - 1. What is i(w)?
6
Let j be (6 - 1) + 0/(-15). Let c(o) = -3 - j*o - o**2 + 0*o + 3*o - 3*o. Let h = 8 + -13. Calculate c(h).
-3
Let h(f) = f + 3. Suppose 9*t = 8*t - 2*b - 12, -9 = 3*t - 3*b. Calculate h(t).
-3
Let q(n) = -n - 59*n**2 + 43 - 13*n - 4*n - 3 + 58*n**2. Calculate q(-20).
0
Let s(r) be the second derivative of 5*r**3/6 - 27*r. Calculate s(2).
10
Let k(l) be the third derivative of l**5/60 + 5*l**4/24 - 5*l**3/6 + l**2. Suppose 13*y = 29*y + 80. What is k(y)?
-5
Let m(k) = k**2 - 3*k - 7. Let b be ((-56)/21)/(-2) + (-20)/(-12). Give m(b).
-7
Let w = 14 - 12. Let n(g) = 15*g + 2*g - 7 + g**w - 10*g. Calculate n(-8).
1
Let t(c) = -2*c**2 - 24*c - 8. Let m(y) = -y**2 - 17*y - 9. Let o(f) = 3*m(f) - 2*t(f). Calculate o(5).
-1
Let u(g) = g**3 - 7*g**2 - 9*g - 6. Let q(w) = w**2 + 4*w - 1. Let b be q(-5). Let k be 1342/165 + b/(-30). Calculate u(k).
-14
Suppose -q + 162 = 5*i, 8*q = -4*i + 3*q + 117. Suppose i = -5*m + 28. Let k(v) = 8*v. Give k(m).
-8
Suppose 15*y - 14*y + 28 = 4*d, -2*d + 50 = -5*y. Let u(j) = j**2 + 9*j + 7. Calculate u(y).
-1
Let w(z) be the third derivative of z**6/120 + z**5/10 + z**4/3 + z**3/2 - 37*z**2 + z. Give w(-5).
-12
Suppose -3*f = 5 - 11. Let z(p) = 0*p**2 - 7*p**2 + 4*p**2 - 3*p + 9*p**2 + 6. Let c(u) = -5*u**2 + 3*u - 5. Let b(n) = 5*c(n) + 4*z(n). Determine b(f).
1
Let d(p) = -p**2 - p - 1. Suppose 0 = 2*f - 5 - 7. Suppose r - f = -r. Suppose -5*l = r*t - 7, -5*l + 3*l - 10 = -2*t. Determine d(l).
-1
Suppose 278*q - 273*q = 30. Let y(t) = t - 7. Determine y(q).
-1
Let y(p) = -4*p**2 + 1. Let f = 22 + -11. Let a = f - 13. What is y(a)?
-15
Let i(t) = -7*t**2 - 15*t - 31. Let q(w) = -12*w**2 - 31*w - 60. Let r(x) = -5*i(x) + 3*q(x). What is r(-17)?
-8
Let u(q) be the third derivative of q**8/4032 + q**7/5040 + q**5/12 - 12*q**2. Let y(l) be the third derivative of u(l). What is y(-1)?
4
Let l(y) = -4*y - 8. Let j(w) be the second derivative of -5*w**3/6 - 4*w**2 + 11*w. Let x(h) = 5*j(h) - 6*l(h). Calculate x(7).
1
Suppose -25*t - 16 = 5*r - 21*t, -3*r - t - 4 = 0. Let s(h) = -h**2 + 3*h - 8. Give s(r).
-8
Let g(d) = 0*d**3 + 7*d**2 - 3*d - 2*d**3 - 3*d**2 + 0*d**2. Let k be -1 + -41 + 3/(-3). Let s = -41 - k. Calculate g(s).
-6
Let c(i) = -i + 3. Let b = 65 + -58. Let j be c(b). Let n(p) = 3*p**3 + 4*p**2 + 2. Let f(z) = z**3. Let r(y) = 2*f(y) - n(y). Give r(j).
-2
Let b(u) = 0*u**3 - 2*u**2 - 3*u - u**3 + 5*u**2. Suppose 0 = -3*s + 2*o + 7, 2*o + 15 - 11 = 2*s. What is b(s)?
-9
Suppose 4*p - 7 = -2*w + p, -p + 11 = 5*w. Suppose 0 = 4*q - w - 6. Let l(f) = 1 - 11*f + 5*f**2 + 14*f - 4*f**q. Calculate l(-3).
1
Let i(g) = -2*g**2 + 9*g + 17. Let c be i(5). Let f = c - 5. Let x(r) = -r**3 + 8*r**2 - 8*r + 2. Calculate x(f).
-5
Let f be (-8)/((-24)/(-9)) - -3. Let a(o) be the second derivative of f + 2*o + o**3 + 2*o**2 - 1/12*o**4. Calculate a(3).
13
Let c(g) be the second derivative of -g**8/3360 + g**7/1260 - 5*g**4/4 - 12*g. Let i(l) be the third derivative of c(l). Calculate i(2).
-8
Suppose 55*c = 101 - 376. Let f(u) = -4*u - 7. What is f(c)?
13
Let y(c) = -2*c**2 - 290*c - 292*c + 578*c - 2. Let l be 1/(3 + (-21)/6). Calculate y(l).
-2
Let x(m) = -m + 2. Let h(s) = -s**3 - s**2 - s + 1. Let g be h(0). Let v be -1 + (-2 - g) + 4. Calculate x(v).
2
Let q(g) = -4*g - 2*g**3 + 18 - 10 + 2*g**3 - 9*g**2 - g**3. Determine q(-8).
-24
Let p = -1676 + 1678. Let u(z) = -z + 9. What is u(p)?
7
Let a be 285/75 + 4/(-5). Let p(g) = g - 1. Suppose 2*h = -2 - 0. Let j(w) = 5*w - 3. Let d(l) = h*j(l) + 3*p(l). What is d(a)?
-6
Suppose -5*l = -5*q - 5, -3*q - 5*l + 38 = 9. Let u be 204/54 + 5/(135/6). Let n(f) = -u*f**2 - 3 + 2*f**q - 3*f**3 + 4*f + 2 - 3. Give n(-5).
1
Suppose -x - 5 = g, 1 = -x + 2*g - 5*g. Let w(s) = s**3 + 7*s**2 + 2*s + 10. Calculate w(x).
-4
Let k(z) be the third derivative of -z**4/24 + 7*z**3/3 + 6*z**2 - 2*z. Give k(11).
3
Let b(z) = -7*z**3 - z**2 + z - 2. Let o(g) = -4*g**3 - g - 2. Let w(t) = -7*t**3 - 2*t - 3. Let a(y) = 5*o(y) - 3*w(y). Let c(q) = 2*a(q) - b(q). Give c(-1).
-9
Let p(r) = -3*r**2 - 3*r + 2. Let z(i) = -i - 12. Let s be z(-15). Let k be (36/27)/(4/6). Suppose 5*t = -s*l + 31, -6*l + 14 = -4*l + k*t. Give p(l).
-16
Let k(u) = -10*u + 1. Let j(y) = -15*y + 2. Let q(n) = 5*j(n) - 7*k(n). Let t(s) = s**2 + 7 + 0 + 8*s + 2 + 1. Let v be t(-7). Determine q(v).
-12
Let y(t) = 2*t**2 + t + t**3 - 11 - 6*t**2 + 5 + 5. Let i be y(2). Let k(g) = g**2 + 5*g + 9. Calculate k(i).
23
Suppose 114*t - 88 = 122*t. Let c(r) = -r**3 - 10*r**2 + 10*r - 7. Give c(t).
4
Let z(i) = i**3 + 7*i**2 + i + 6. Let p be z(-7). Let g(q) = -4*q + 2. What is g(p)?
6
Let w(b) = -b**3 + 10*b**2 - b + 12. Let p = -15 - -25. Let a be w(p). Let s(f) = 3*f + 6 + a + 0. Determine s(-6).
-10
Let w(p) be the second derivative of p**4/12 - 7*p**3/6 + 3*p**2 - p. Suppose 8*u + 3 - 163 = 0. Let v be -5*(8/u - 28/20). Calculate w(v).
-4
Let k(b) be the first derivative of -b**2 + 317. What is k(4)?
-8
Let o(h) = 1 + 3*h**2 + h**3 + 2 + 0. Let d(y) = -10*y - 4. Let l be d(5). Let i = l - -51. Give o(i).
3
Let o(m) = m**2 + 5*m + 7. Let a be o(-2). Let l(i) be the second derivative of -i**3 + i**2/2 + 8*i. Determine l(a).
-5
Let g(t) = t - 2. Suppose 0 = -7*y + 2*y + 90. Suppose 21*v + 45 = y*v. Let s = -20 - v. Calculate g(s).
-7
Let c(k) = -3*k + 7*k**2 - 10 + 2 + 6 - 5*k**2. Let a be (-8)/6 + 4/(-6). What is c(a)?
12
Let y(p) = 2*p + 21. Let a(t) = -47 - t + 88 - 51. Let r = -4 - -1. Let w(b) = r*y(b) - 5*a(b). Give w(-7).
-6
Suppose 3*f + 4 = 4*f. Let r(s) = -9*s**3 + 3*s**2 - 4*s + 10. Let m(b) = -2 + 1 + 5*b**3 + 2*b - 4 - 2*b**2. Let g(o) = 11*m(o) + 6*r(o). Determine g(f).
-3
Let m = -134 + 149. Let v be (3/3 + -1)/((-30)/m). Let a(l) = -l**3 - 6. Calculate a(v).
-6
Let w(z) = 4*z - 1. Let n be w(-1). Let h(f) = 1. Let a(m) = -19 - 2*m + 6 + m. Let s(d) = -2*a(d) - 22*h(d). Calculate s(n).
-6
Suppose -z = 4 - 22. Let y = 19 - z. Suppose -c + y = 5. Let r(w) = w**3 + 3*w**2 - 4*w - 5. What is r(c)?
-5
Let y(q) = -q**2 + 15*q - 15. Let t(x) = 2*x - 57. Let u be t(35). Calculate y(u).
11
Let x(w) be the third derivative of w**6/360 + w**5/40 - w**4/8 + 7*w**3/2 + 6*w**2. Let d(c) be the first derivative of x(c). Calculate d(-3).
-3
Let p(q) = 0*q**2 + 2*q**2 + 4*q + 0*q - 7*q + 7. Let r(g) = -3*g**2 + 5*g - 13. Let c(d) = 5*p(d) + 3*r(d). Let t = -1 - 2. Determine c(t).
5
Let y(t) = 2*t**3 - t**2 - t + 1. Let o be y(1). Let l be o/(2/(-40))*6/(-15). Let v(m) = -m**3 + 7*m**2 + 7*m + 9. Calculate v(l).
1
Let z(i) = 5*i**3 - 3*i + 2. Let b(q) = 16*q - 126. Let x be b(8). Give z(x).
36
Let z(u) = u**2 - 2*u + 1. Let c(x) = -x**3 - 4*x**2 - 5*x - 5. Let r = -12 + 13. Let s be (27/(-45))/(r/5). Let m be c(s). Calculate z(m).
0
Let c(h) = 209 + h + 200 - 418. Give c(8).
-1
Suppose 6*r + 3 = 3*r. Let t(a) = a**2 + 0*a - 14*a**3 - 4*a + 5*a + 0*a. Calculate t(r).
14
Let n(o) be the first derivative of o**5/60 + o**4/8 - 5*o**3/6 - 11*o**2/2 - 10. Let s(x) be the second derivative of n